6199?
1
What is the hundred thousands digit of 50907419?
9
What is the units digit of 408816963?
3
What is the units digit of 464882840?
0
What is the hundreds digit of 825448570?
5
What is the units digit of 140954313?
3
What is the billions digit of 3392876227?
3
What is the units digit of 396135867?
7
What is the hundred thousands digit of 286374540?
3
What is the units digit of 157428425?
5
What is the millions digit of 57459995?
7
What is the millions digit of 533274077?
3
What is the ten millions digit of 70818482?
7
What is the hundred millions digit of 2058368625?
0
What is the hundreds digit of 47317262?
2
What is the ten thousands digit of 43782199?
8
What is the millions digit of 1138465159?
8
What is the hundreds digit of 1153933767?
7
What is the millions digit of 2040427879?
0
What is the ten millions digit of 5081448102?
8
What is the units digit of 232770411?
1
What is the hundred millions digit of 241249822?
2
What is the millions digit of 551832308?
1
What is the units digit of 53131675?
5
What is the tens digit of 357031262?
6
What is the ten thousands digit of 50347771?
4
What is the hundred millions digit of 2231626519?
2
What is the ten millions digit of 1007139826?
0
What is the millions digit of 327235362?
7
What is the hundred millions digit of 143247236?
1
What is the ten thousands digit of 78136228?
3
What is the thousands digit of 35078523?
8
What is the hundreds digit of 2620543107?
1
What is the tens digit of 356332040?
4
What is the ten millions digit of 124245023?
2
What is the hundreds digit of 278115615?
6
What is the millions digit of 185566889?
5
What is the hundred thousands digit of 81856085?
8
What is the thousands digit of 728092096?
2
What is the hundred thousands digit of 300743798?
7
What is the ten millions digit of 320590325?
2
What is the tens digit of 1975175?
7
What is the hundreds digit of 33707091?
0
What is the millions digit of 250260346?
0
What is the ten thousands digit of 134756700?
5
What is the tens digit of 31230047?
4
What is the thousands digit of 788158061?
8
What is the ten thousands digit of 28761436?
6
What is the units digit of 199796825?
5
What is the units digit of 2213283?
3
What is the hundred thousands digit of 4078205?
0
What is the millions digit of 31862754?
1
What is the units digit of 86300835?
5
What is the units digit of 1366218788?
8
What is the ten millions digit of 622026348?
2
What is the units digit of 627613799?
9
What is the thousands digit of 2136028527?
8
What is the tens digit of 1329757155?
5
What is the ten thousands digit of 430260375?
6
What is the hundreds digit of 205058245?
2
What is the millions digit of 38248984?
8
What is the hundred thousands digit of 47495263?
4
What is the ten millions digit of 180249512?
8
What is the thousands digit of 542882669?
2
What is the ten thousands digit of 28005138?
0
What is the hundred millions digit of 313076076?
3
What is the hundred thousands digit of 254995881?
9
What is the tens digit of 172960516?
1
What is the millions digit of 1995418933?
5
What is the hundred thousands digit of 468108323?
1
What is the units digit of 834663530?
0
What is the hundreds digit of 239724589?
5
What is the ten thousands digit of 308638814?
3
What is the hundreds digit of 344176671?
6
What is the millions digit of 106555927?
6
What is the ten millions digit of 1642482224?
4
What is the ten millions digit of 258216439?
5
What is the millions digit of 801539995?
1
What is the tens digit of 79730804?
0
What is the millions digit of 449082104?
9
What is the hundreds digit of 206323636?
6
What is the ten millions digit of 744080746?
4
What is the ten thousands digit of 1825448212?
4
What is the hundreds digit of 79599030?
0
What is the ten millions digit of 105414708?
0
What is the millions digit of 1392081602?
2
What is the tens digit of 838994124?
2
What is the tens digit of 371102111?
1
What is the thousands digit of 73265996?
5
What is the hundred thousands digit of 215126413?
1
What is the thousands digit of 16721836?
1
What is the millions digit of 11028356?
1
What is the hundred thousands digit of 16193839?
1
What is the thousands digit of 955020?
5
What is the tens digit of 35604271?
7
What is the units digit of 206892677?
7
What is the ten thousands digit of 86449910?
4
What is the millions digit of 1399524898?
9
What is the ten millions digit of 117076122?
1
What is the tens digit of 326287577?
7
What is the ten millions digit of 13804081?
1
What is the thousands digit of 117011094?
1
What is the ten thousands digit of 202853288?
5
What is the hundred millions digit of 3288460680?
2
What is the millions digit of 68877389?
8
What is the thousands digit of 881974698?
4
What is the units digit of 960860168?
8
What is the thousands digit of 19576869?
6
What is the thousands digit of 19076468?
6
What is the ten thousands digit of 40816357?
1
What is the millions digit of 6134138468?
4
What is the ten thousands digit of 775968721?
6
What is the millions digit of 187196066?
7
What is the ten millions digit of 313681546?
1
What is the ten millions digit of 353719645?
5
What is the thousands digit of 305366042?
6
What is the millions digit of 1385195892?
5
What is the hundred millions digit of 178301287?
1
What is the thousands digit of 1216633910?
3
What is the units digit of 273916308?
8
What is the tens digit of 265651842?
4
What is the thousands digit of 1142668287?
8
What is the hundreds digit of 336353541?
5
What is the hundred millions digit of 193538691?
1
What is the ten thousands digit of 461995733?
9
What is the units digit of 63847984?
4
What is the hundreds digit of 151885207?
2
What is the hundred millions digit of 1621592066?
6
What is the hundreds digit of 6546989?
9
What is the hundred thousands digit of 72742580?
7
What is the ten thousands digit of 335779?
3
What is the millions digit of 188894920?
8
What is the units digit of 67265068?
8
What is the tens digit of 743265?
6
What is the hundred thousands digit of 81534260?
5
What is the hundreds digit of 96372727?
7
What is the thousands digit of 236515250?
5
What is the ten millions digit of 59827101?
5
What is the tens digit of 232862067?
6
What is the hundreds digit of 47950503?
5
What is the hundreds digit of 610085983?
9
What is the hundreds digit of 260112959?
9
What is the billions digit of 6484889026?
6
What is the tens digit of 1298259112?
1
What is the units digit of 552526853?
3
What is the millions digit of 21902042?
1
What is the units digit of 58475272?
2
What is the hundred thousands digit of 134369169?
3
What is the thousands digit of 1002347589?
7
What is the ten thousands digit of 96179922?
7
What is the hundred millions digit of 2646240585?
6
What is the hundreds digit of 72269203?
2
What is the units digit of 106231200?
0
What is the hundreds digit of 80555257?
2
What is the thousands digit of 231742245?
2
What is the millions digit of 13636132?
3
What is the units digit of 8753132419?
9
What is the tens digit of 1252219347?
4
What is the hundred thousands digit of 501622184?
6
What is the hundred thousands digit of 26140203?
1
What is the thousands digit of 529059467?
9
What is the hundreds digit of 132084654?
6
What is the tens digit of 2232860190?
9
What is the hundred thousands digit of 280601027?
6
What is the millions digit of 170699805?
0
What is the ten millions digit of 2265903713?
6
What is the thousands digit of 432201661?
1
What is the units digit of 113809867?
7
What is the hundred millions digit of 1228079398?
2
What is the thousands digit of 166375353?
5
What is the thousands digit of 1367433928?
3
What is the units digit of 34242041?
1
What is the millions digit of 21922041?
1
What is the millions digit of 152605724?
2
What is the thousands digit of 334007947?
7
What is the hundreds digit of 1515170601?
6
What is the hundreds digit of 1365973498?
4
What is the ten millions digit of 1090353911?
9
What is the tens digit of 162432671?
7
What is the units digit of 4890347812?
2
What is the ten millions digit of 120698840?
2
What is the tens digit of 1307711381?
8
What is the units digit of 1319926?
6
What is the units digit of 2288379617?
7
What is the millions digit of 75920156?
5
What is the millions digit of 8109271?
8
What is